00001010100110100 + 0?
-111010100001010100110100
In base 11, what is -56155 - 606?
-56760
In base 4, what is 10023020 - -1113110?
11202130
In base 8, what is -13 - -46371602?
46371567
In base 5, what is 233030024 - 23?
233030001
In base 14, what is 2681 - 6a7?
1db8
In base 11, what is -7480 - -5916?
-1665
In base 8, what is 3 - 243464414?
-243464411
In base 2, what is 101001100100011111 - 11110?
101001100100000001
In base 14, what is d38da - 4c?
d388c
In base 9, what is -5 + 13500587?
13500582
In base 8, what is 106 + -136350?
-136242
In base 9, what is -308705 + -2?
-308707
In base 9, what is -31754 + -218?
-32073
In base 2, what is -10101100000111 - -1010000100011?
-1011011100100
In base 14, what is -1dd39 + 3a2?
-1d977
In base 7, what is 50 + 20042463?
20042543
In base 7, what is 0 - -462534425?
462534425
In base 10, what is 152818 - -690?
153508
In base 9, what is 8 + -1423631?
-1423622
In base 12, what is -23 + 59b47b?
59b458
In base 16, what is b8ed6 - -8b?
b8f61
In base 3, what is 1112 - 111011220121?
-111011212002
In base 8, what is 1 - 60705742?
-60705741
In base 15, what is 9a - -844a0?
8454a
In base 12, what is 2120b + 3397?
245a6
In base 4, what is 103102 - 1202330002?
-1202220300
In base 6, what is 550 + 2410310?
2411300
In base 11, what is -5 - -37873325?
37873320
In base 15, what is 11 + d33b7?
d33c8
In base 5, what is -13424114210 - 1?
-13424114211
In base 13, what is 3c2 - 32c64?
-32872
In base 15, what is -16 - 270e2?
-27108
In base 12, what is -8 + -8222ab?
-8222b7
In base 4, what is -31020231321 + 1?
-31020231320
In base 4, what is -2012 - 310210201?
-310212213
In base 2, what is -10010101010010100100000101 - -11?
-10010101010010100100000010
In base 6, what is 154 - -34155103?
34155301
In base 3, what is -210111002 + 22122112?
-110211120
In base 13, what is 107a9 + 369?
10b45
In base 16, what is -550141c + -1?
-550141d
In base 10, what is 4145 + 18918?
23063
In base 14, what is -2b7 + 2742d?
27156
In base 6, what is -444 - -11102312?
11101424
In base 7, what is -1511641 + 2203?
-1506435
In base 6, what is 25201 + 4322114?
4351315
In base 4, what is 301 - 1013331302?
-1013331001
In base 6, what is -302 + 2052411?
2052105
In base 2, what is -10010001010110110111 - 101?
-10010001010110111100
In base 14, what is 2972 + 268?
2bda
In base 9, what is 40 + -168104?
-168054
In base 12, what is 1a7 - 307754?
-307569
In base 8, what is -107 + -114416?
-114525
In base 11, what is 5768452 + 21?
5768473
In base 12, what is 190 - -1a28?
1bb8
In base 13, what is 183 - -11022?
111a5
In base 3, what is -12021001 + 2101221?
-2212010
In base 11, what is 36248989 + -9?
36248980
In base 3, what is 1120111 + 10220020122?
10221211010
In base 4, what is -10201033102221 - 3?
-10201033102230
In base 11, what is 15a1074a + 2?
15a10751
In base 5, what is 10224001 - -1414?
10230420
In base 3, what is 100000002101000221 - -1?
100000002101000222
In base 16, what is b0 - -f767?
f817
In base 3, what is 10 - -2202112022220110?
2202112022220120
In base 16, what is -10 + -10a49c?
-10a4ac
In base 3, what is 121220100 - -222200?
122220000
In base 14, what is 3b27 - -5c7?
4310
In base 9, what is -20408456 + -4?
-20408461
In base 5, what is -10424330311 - 4?
-10424330320
In base 7, what is 3060405453 - 1?
3060405452
In base 3, what is 100212101001011 + 12?
100212101001100
In base 10, what is 3725 - -236?
3961
In base 13, what is c2a738 - -2?
c2a73a
In base 5, what is -4213400 + 1432?
-4211413
In base 14, what is 1 + -ac973?
-ac972
In base 10, what is -2216 + 205548?
203332
In base 3, what is 2120 - 2021122101?
-2021112211
In base 3, what is -210011 - 1002002211202?
-1002010121220
In base 16, what is -56a412 - 4?
-56a416
In base 9, what is 70278 + 1722?
72111
In base 6, what is 123340223 + 1014?
123341241
In base 12, what is 57127 + -91?
57056
In base 10, what is 12 - 49186?
-49174
In base 8, what is -11 + 20205444?
20205433
In base 7, what is -511425 + 32053?
-446342
In base 15, what is c37 + a54?
178b
In base 14, what is 2 + d384cb?
d384cd
In base 2, what is -111101100 - 110011110001000?
-110100101110100
In base 9, what is -2 + -217778?
-217781
In base 9, what is -16162 - -2684?
-13367
In base 16, what is -245d - 165?
-25c2
In base 4, what is -211 - -13113233311?
13113233100
In base 14, what is 1 + 17543ad8?
17543ad9
In base 13, what is 1 + 165a377?
165a378
In base 5, what is -20 - 11010214131?
-11010214201
In base 7, what is -65552301 - -11?
-65552260
In base 15, what is -a07414a - -1?
-a074149
In base 11, what is -3 - -71642843?
71642840
In base 15, what is a90 - -19d6?
2576
In base 14, what is 1b1ab187 + -5?
1b1ab182
In base 10, what is 208 + -33392?
-33184
In base 2, what is -111100010010011011000011 - 1?
-111100010010011011000100
In base 7, what is -30153 - 166?
-30352
In base 10, what is -233834 + 5?
-233829
In base 8, what is -2635 - -166504?
163647
In base 7, what is 4016 - 12006?
-4660
In base 13, what is 179098 - 1cb?
178b9a
In base 9, what is 17886156 + 22?
17886178
In base 7, what is 12 + -2121420?
-2121405
In base 10, what is -15 + -10734535?
-10734550
In base 4, what is -111231 + 1231221?
1113330
In base 5, what is -1120120122 - -10?
-1120120112
In base 6, what is -2450355020 + -2?
-2450355022
In base 12, what is 1767661 + 9?
176766a
In base 13, what is 3 + a61158?
a6115b
In base 3, what is -2101210220 + -1111102?
-2110022022
In base 10, what is -29947 + -1300?
-31247
In base 12, what is -5 + -3405745?
-340574a
In base 2, what is -101011001 - -10111101000111110?
10111100011100101
In base 4, what is 21321222232202 - 3?
21321222232133
In base 10, what is 4 + 5975058?
5975062
In base 12, what is 23 + 110952?
110975
In base 4, what is 213001220 + 111?
213001331
In base 8, what is 14672 - -277?
15171
In base 15, what is 140 + -1c4b4?
-1c374
In base 5, what is 40 + 1431210?
1431300
In base 5, what is 4044 + -3120203?
-3111104
In base 10, what is 0 + -1242706?
-1242706
In base 15, what is 11a - -7243b?
72556
In base 2, what is -11011010111010011 - 10011101011101?
-11101110100110000
In base 14, what is 6 - a7a16a4?
-a7a169c
In base 12, what is -641 + -723?
-1164
In base 8, what is 2723327 + -202?
2723125
In base 15, what is cd15 - -20?
cd35
In base 7, what is -25464250 + -50?
-25464330
In base 6, what is 10110 - 22250?
-12140
In base 6, what is 145223020255 + -3?
145223020252
In base 10, what is 236202 + -536?
235666
In base 12, what is -a70 + 494b?
3a9b
In base 10, what is -7 - -701850?
701843
In base 13, what is 8326b9 + a?
8326c6
In base 7, what is -162134543 - -3?
-162134540
In base 11, what is -6272a6 - 378?
-627673
In base 9, what is 45520706 - -3?
45520710
In base 10, what is 7117556 - 58?
7117498
In base 12, what is 183 - -185a8?
1876b
In base 13, what is -b64 + -43aa?
-5241
In base 15, what is -c79 - 1529?
-22a3
In base 16, what is 3a88c - 11?
3a87b
In base 12, what is -2b16986 - 16?
-2b169a0
In base 3, what is 11220101 - 20100121?
-1110020
In base 12, what is -2 - 238a6414?
-238a6416
In base 14, what is 1 + -20b79a?
-20b799
In base 5, what is -3 - -434202322?
434202314
In base 6, what is -3 + -12444145?
-12444152
In base 2, what is 1100110111011010110 - -11000?
1100110111011101110
In base 7, what is -14 + 16631251?
16631234
In base 8, what is -1 - -17446724?
17446723
In base 16, what is 6 + 973e33?
973e39
In base 5, what is -22442031030 - -103?
-22442030422
In base 9, what is -6 - -2408520?
2408513
In base 5, what is 204424141211 + 2?
204424141213
In base 13, what is 169b15 - 312?
169803
In base 11, what is -12a822a65 - -3?
-12a822a62
In base 9, what is 211 + -106761?
-106550
In base 8, what is -3 + -1257035777?
-1257036002
In base 14, what is 883c80 - -3?
883c83
In base 2, what is -11011011101101101011001110100 + 100?
-11011011101101101011001110000
In base 3, what is -2022222221 - 1210012?
-2101210010
In base 10, what is -24227353 - 3?
-24227356
In base 9, what is -10041 + 175?
-8755
In base 2, what is -100110111010000011 + -10011?
-100110111010010110
In base 12, what is -97954746 - -4?
-97954742
In base 3, what is 10221012011 - -11211000?
11010000011
In base 4, what is 1312113 + 2102301?
10021020
In base 7, what is 1634416054 + -10?
1634416044
In base 9, what is 46263 - -258?
46532
In base 6, what is 13 + 1003213342?
1003213355
In base 4, w